p(-7). Let a = -26 + t. Suppose -a*m = -9*m + 77. What is the units digit of m?
7
Let l = -7 + 21. Let a(m) = m + 8*m**2 + 6 - m**3 + l - 1 - 5. What is the tens digit of a(7)?
7
Suppose 3*t - 3*b + 1950 = 0, 11*b - 1306 = 2*t + 15*b. Let w = 1987 + t. What is the hundreds digit of w?
3
Let s be (-20)/((-1)/(-1 + 4 + -1)). Let h be -153*(-2 + s/12). What is the units digit of (-16)/(-56) - h/21?
0
Let q = 1036 + -856. What is the hundreds digit of q?
1
Let g(b) = b**3 + 3*b**2 - 1. Let q be g(-2). Suppose -2*c = -9 + q. Suppose -c*p - 155 = -8*p. What is the units digit of p?
1
Suppose -c + 3*s = -158 - 277, 5*s = 4*c - 1719. What is the units digit of c/16 - 21/(-56)?
7
What is the ten thousands digit of 36/468*184925 - (-1 + 6 + 1)?
1
Let m = -2 - -2. Let d = 1719 + -995. Suppose -5*t + m*v + d = -3*v, 4*v - 446 = -3*t. What is the units digit of t?
6
Suppose g = -4*s + 5*s - 816, 2*s - 3*g - 1632 = 0. Let l = s - 258. What is the units digit of l?
8
Suppose 5438 = 6*g - 9213 - 3919. What is the hundreds digit of g?
0
Suppose -s = -4*f - 7473, 48*s - 3*f = 47*s + 7472. What is the thousands digit of s?
7
Let j be ((-8)/10)/((-13)/(-65)) - -1. Let u(d) = 114*d**2 + 26*d + 90. What is the units digit of u(j)?
8
Let i be (3/(-6))/(5/(-20)) + 253. Let l = i + -161. Let d = l - 26. What is the tens digit of d?
6
Let c be (-528)/10*50/(-15). Suppose -m - 10*m = -c. Let a(u) = 2*u**2 - 25*u - 14. What is the units digit of a(m)?
8
Suppose 0 = 3*r - 6*r + 4*k - 122, 0 = -3*r + 2*k - 112. Let x = r + 37. Suppose -4*c - s = -377, 0*s - 289 = -x*c - 2*s. What is the units digit of c?
3
Suppose -10352 = -4*m + 3*o, 2*o + 3736 = 4*m - 6624. What is the tens digit of m?
9
Suppose 4*r = -3*h + 54816, 3*h + 13689 = 3*r - 2*r. What is the hundreds digit of r?
7
What is the tens digit of 11 + 3 - (-311 - -2)?
2
Let h(b) = b**2 - 5*b. Let k be h(-4). Let g be 6/((-124)/132 - -1). Suppose k + g = 5*q. What is the tens digit of q?
2
Let o = -16557 + 55609. What is the hundreds digit of o?
0
Let w(s) = 10*s - 19. Let t(k) = -2*k**2 + 16*k + 10. Let q be t(8). What is the units digit of w(q)?
1
Let s(o) = 2*o**2 - 24*o - 29. Let m be s(22). Let l = m + -329. What is the tens digit of l?
8
Suppose 1271 = -7*i + 3154. What is the hundreds digit of i?
2
Suppose 341 = 3*d - 5*h, -2*d - 2*h = -217 - 21. What is the tens digit of 740/18 + (-2 - (-221)/d)?
4
Suppose -5*r + 2*k + 131152 - 13200 = 0, 3*r = -5*k + 70796. What is the thousands digit of r?
3
What is the thousands digit of (11 - 19 - 5) + 8307?
8
What is the units digit of 716 - (2 + (-48)/26 - (-819)/169)?
1
Let k(q) = 252*q**2 - 2*q + 2. Let f = 72 + -71. Let u be k(f). Suppose -s + 2*l + 117 = 0, -2*s + u = -0*l + 5*l. What is the hundreds digit of s?
1
Suppose -107464 = 33*f - 127060 - 649050. What is the ten thousands digit of f?
2
What is the hundreds digit of (17 - 29)/((63/(-26369))/3)?
0
Suppose -3*s = 15, 0*v = v - s - 8. Suppose -5*p - 15 = 0, -v*p = -3*b + 2*p + 534. Let t = b - 80. What is the units digit of t?
3
Let t(n) = 1186*n - 154. What is the thousands digit of t(6)?
6
Let b = -11 + 15. Suppose -b*x + 0*x + 1140 = 0. Suppose -4*q + x = -g - 0*g, 0 = 5*q + 3*g - 352. What is the units digit of q?
1
Let h = -7023 - -12476. What is the hundreds digit of h?
4
Let b(v) = -v**3 + 73*v**2 + 12*v - 58. What is the tens digit of b(13)?
3
Let f(j) = 5*j**2 - 14*j. Suppose -x - 26 = -20. Let s be f(x). Suppose -2*z + s = -4*p, 3*z - 4*p - 400 = -0*p. What is the tens digit of z?
3
Let h = -305 - -261. What is the hundreds digit of -1335*(h/24)/11*2?
4
What is the hundreds digit of (815 + -778)*(0 + 1322/1)?
9
Let j = 157 - 152. Suppose 0 = j*n - 14*n + 4185. What is the tens digit of n?
6
What is the units digit of 840*(352/(-33) - -12)?
0
Let h = -152 + 159. Suppose h*g + 13 = 69. What is the units digit of (666/(-12))/((-4)/g)?
1
Suppose 0 = 8*h + 3298 - 12074. What is the units digit of h?
7
Suppose -21*o = -19*o + 4*l - 14252, -7*l - 28489 = -4*o. What is the units digit of o?
4
Suppose 5*d = h + 13, 0 = -3*d - 0*h - 2*h. Suppose 4*k - 2*i + 1444 = -4*i, -734 = d*k - 2*i. What is the tens digit of k/(-4) - -2 - (-10)/40?
9
Let j = 11351 + -3335. What is the thousands digit of j?
8
Let k be 1*(3 - 4)*-95 + -4. Suppose 1644 = k*m - 88*m. What is the units digit of m?
8
Suppose 18*v = 15*v. Let t = -42 - v. What is the hundreds digit of ((-3)/2)/(t/(-56)) + 118?
1
Suppose -371 = -22*l + 15*l. Suppose 4026 = -l*x + 22841. What is the hundreds digit of x?
3
Let c be 6639/6 + (-3)/6. Let r = c - 681. What is the tens digit of r?
2
Let k be -5 + 6 - (-21)/(-3). Suppose -114 = -8*i + 5*i - 2*s, 5*i + s - 197 = 0. Let u = i - k. What is the tens digit of u?
4
Let l = -8 - -7. Let j(h) be the second derivative of 77*h**4/12 - 2*h**3/3 - h**2 - 21*h + 6. What is the units digit of j(l)?
9
Let x = 190 - 25. Suppose c - 164 = x. What is the tens digit of c?
2
Let m(c) = 48797*c + 89. What is the units digit of m(1)?
6
Suppose 0 + 9 = 3*i. Suppose 2*l - 66 = -2*a + i*a, -l + 42 = -5*a. Suppose 6 = -2*g + l. What is the units digit of g?
3
Suppose 120*q + 229603 = 1277731 + 1591512. What is the ten thousands digit of q?
2
Suppose d - 5 = -3*u + 1, 5*u = -4*d + 17. Let m be 2/(-9) - (-1044)/324. Suppose d*z = w - 113, m*z - 5*z = -4*w + 492. What is the hundreds digit of w?
1
Let i = -251 + 85. Let y = i - -235. What is the units digit of y?
9
Let m = -6 - 10. Let c(z) = z**3 + 16*z**2 + 4*z - 3. Let q be c(m). Let u = 177 + q. What is the units digit of u?
0
Let m = -186 + 184. Let b(p) = -7*p**3 - 11*p**2 - 20*p - 2. What is the units digit of b(m)?
0
Suppose 12*r = -12*r + 27735 - 6351. What is the units digit of r?
1
Let z = -409 - -453. Suppose 4*p + 45*a = z*a + 3741, -4*p + a = -3731. What is the tens digit of p?
3
Let x be (2/5)/(48/120). Let r be 2298/10 + x + (-1)/(-5). Suppose 2*h + 3*n = -8 + r, 4*n - 114 = -h. What is the tens digit of h?
1
Let t be 2/(-2) + (104 - (-40)/5). Let q be 2/(-6)*3 - 106. Let x = t + q. What is the units digit of x?
4
Let w(t) = -t - 1. Let z be w(-4). Suppose 2*b - 7*b + k + 51 = 0, 2*b = -z*k + 17. What is the units digit of (-5)/b*(-2 + -84)?
3
What is the tens digit of 157269/21*(-5)/(-5)?
8
Suppose 0 = -85*p - 13*p + 1206772. What is the ten thousands digit of p?
1
Let g be 20*(36/(-16) + 3). Let t(y) = -2*y**2 + 29*y + 18. Let r be t(g). Suppose -r*x + 140 + 19 = 0. What is the units digit of x?
3
Suppose 6*t = -1299 + 525. Let q = t - -11. Let x = q + 205. What is the units digit of x?
7
Let a(w) = w**3 + 29*w**2 - 26*w - 23. Let t be a(-30). Let g = -55 - t. Let i = g + 12. What is the units digit of i?
0
Let o(f) = -274*f - 45. Let c = 140 + -142. What is the hundreds digit of o(c)?
5
Suppose -9*t - 23 + 122 = 0. Suppose -8*l = t*l - 2508. What is the tens digit of l?
3
Suppose -25264 = 69*c - 508126. What is the units digit of c?
8
Let d(y) = y**3 + 50*y**2 - 94*y - 158. What is the tens digit of d(-37)?
1
What is the tens digit of (4128/774)/((-4)/(-2958))?
4
Let d(f) = 123*f - 2514. What is the tens digit of d(85)?
4
Suppose -3*v = 3*t - 111, -2*v - 34 - 130 = -5*t. Let k(s) = 10*s + 133. What is the units digit of k(t)?
3
Suppose 592 = 6*q + 2*q. What is the units digit of 97*-3*q/(-111)?
4
Suppose 0 = -4*b - 5*z + 12724, 3*b + 4*z - 8091 - 1451 = 0. What is the hundreds digit of b?
1
Suppose 255 = 40*k - 1025. Let j be ((-8)/2 - -2)*-64. Let v = j - k. What is the units digit of v?
6
What is the units digit of (-4)/1 + (-151628)/(-18) + 2/9?
0
Suppose -4*v + 14825 = 3*o - 1984, v + 16824 = 3*o. What is the tens digit of o?
0
Let j be 61/9 - 0 - (-12)/54. Suppose -t = -j*t. Suppose t = -2*b - h + 190, 5*b + h - 295 - 186 = 0. What is the tens digit of b?
9
Let j(q) = 8*q - 147. Let o be j(20). Suppose 750 = o*b - 4047. What is the tens digit of b?
6
Suppose -l - 2695 = -5*i - 5*l, -2690 = -5*i - 3*l. What is the hundreds digit of i?
5
Suppose -5*k - 20 = 0, 4*g - 3*k + 438 = -g. What is the units digit of (-11420)/g - 4/(-36)?
7
Let g = 0 - -25. Suppose 3*n = -2*n + g, 4*n = -z - 8. Let l = z + 117. What is the tens digit of l?
8
Suppose -43*g + 69390 = -37*g. What is the thousands digit of g?
1
Let s be 17135/575 - (-2)/10. What is the tens digit of s/(-